s) = s**2 - 4*s - 2. What is q(8)?
30
Let d(x) = -x - 16. Calculate d(-16).
0
Let w(j) = -36*j - 354. Calculate w(-10).
6
Let r(o) = 4*o + 6. Calculate r(5).
26
Let q(f) = -2*f**2 + 6*f + 4. Give q(3).
4
Let u(k) = k**3 - 9*k**2 - 18*k + 95. Determine u(10).
15
Let a(h) = h**3 - 11*h**2 - 12*h + 11. Determine a(12).
11
Let t(a) = a**2 + 15*a + 7. Determine t(-8).
-49
Let g(b) = 2*b**2 - 12*b + 36. Calculate g(7).
50
Let t(c) = -c**3 + 6*c**2 - 9*c + 10. Determine t(4).
6
Let f(n) = -n**3 + n + 19. What is f(0)?
19
Let w(r) = 5*r + 9. What is w(-1)?
4
Let i(o) = o**3 + 4*o**2 - 6*o + 1. Give i(-5).
6
Let a(n) = -n**2 + 16*n + 3. Determine a(7).
66
Let g(u) = 11*u**2 + 2*u - 2. Calculate g(-2).
38
Let m(p) = -11*p - 140. Calculate m(-13).
3
Let v(c) = c**3 + 7*c**2 - 7*c. Determine v(-8).
-8
Let y(l) = -l**3 - 6*l**2 + 28*l + 1. What is y(-9)?
-8
Let s(x) = x + 32. Calculate s(-17).
15
Let w(s) = s**2 + 7*s + 1. Give w(3).
31
Let k(g) = g**3 - 8*g**2 + 10*g - 17. Calculate k(7).
4
Let k(g) = g**2 - 18*g - 263. Give k(28).
17
Let x(u) = u**3 + 7*u**2 + 15*u + 9. Determine x(-4).
-3
Let w(a) = -6*a + 35. Determine w(7).
-7
Let p(d) = 15*d - 2. Determine p(2).
28
Let k(t) = -t**2 + 17*t - 49. Determine k(6).
17
Let t(s) = 2*s**2 + s + 7. Give t(-4).
35
Let p(g) = -2*g - 26. What is p(-13)?
0
Let s(h) = -h**3 - 3*h**2 - 2*h + 1. Give s(0).
1
Let u(a) = 23*a + 1139. Determine u(-50).
-11
Let t(r) = -r**3 + 9*r**2 + 8*r - 1. What is t(10)?
-21
Let q(d) = d**2 - 25*d - 274. Determine q(-8).
-10
Let w(q) = -q + 3. Calculate w(-10).
13
Let r(k) = -5*k + 8. Give r(4).
-12
Let q(h) = h**3 + 7*h**2 + 12*h + 17. What is q(-5)?
7
Let j(l) = -l**3 - 13*l**2 - 9*l + 10. Determine j(-12).
-26
Let o(w) = -2*w - 7. Calculate o(7).
-21
Let g(a) = -14*a - 7. Calculate g(-1).
7
Let f(w) = 2*w**3 - 3*w**2 + 2. Determine f(-2).
-26
Let o(k) = -k**2 - 6*k + 14. What is o(-8)?
-2
Let z(c) = -9*c + 2. Give z(-8).
74
Let s(i) = i**3 + i**2 - i + 2. Calculate s(-2).
0
Let p(q) = 19*q. Calculate p(-1).
-19
Let h(v) = v**3 + 5*v**2 - 3*v - 8. Give h(-5).
7
Let x(o) = -16*o + 1. What is x(2)?
-31
Let q(n) = n**3 - 9*n**2 - 18*n - 42. Determine q(11).
2
Let a(v) = v**2 + 15*v - 16. What is a(1)?
0
Let p(o) = -o**2 - 10*o - 6. Determine p(-9).
3
Let v(l) = -13*l**2 - l. Give v(1).
-14
Let w(y) = y**2 - 19*y + 37. Determine w(17).
3
Let r(h) = h + 4. What is r(-9)?
-5
Let i(t) = -t + 13. Give i(18).
-5
Let r(i) = -3*i + 104. What is r(33)?
5
Let x(o) = -o**2 + 2*o + 3. Give x(2).
3
Let t(n) = -n**3 - 10*n**2 - 10*n. Give t(-9).
9
Let a(d) = -d**2 + 2*d + 23. What is a(-4)?
-1
Let i(x) = 2*x**3 + 15*x**2 - 9*x - 12. Give i(-8).
-4
Let v(s) = -3*s**2 + 4*s - 7. Give v(4).
-39
Let m(w) = 3*w + 4. What is m(-4)?
-8
Let u(c) = c + 13. What is u(-13)?
0
Let p(k) = -k**3 + 4*k**2 + 5*k - 12. Determine p(0).
-12
Let m(y) = 6*y + 120. What is m(-19)?
6
Let q(p) = -3*p**2 - 2*p - 3. Give q(-2).
-11
Let y(v) = 2*v + 9. What is y(-6)?
-3
Let l(q) = -q**2 - 10*q + 10. Calculate l(0).
10
Let f(g) = -g**3 + 2*g**2 + 3*g + 2. Give f(-2).
12
Let b(x) = 2*x**2 - 39*x + 193. Determine b(10).
3
Let m(w) = 6*w**2 - 19*w - 97. Give m(6).
5
Let t(g) = g**3 + 2*g**2 - 10*g + 4. Give t(-4).
12
Let a(f) = -f**3 - 7*f**2 - 2*f - 5. Give a(-6).
-29
Let o(d) = -d**2 - 40*d + 9. Give o(-40).
9
Let u(r) = -r**3 + 12*r**2 + 4*r - 12. Determine u(12).
36
Let l(o) = o**2 - 17*o - 13. Calculate l(12).
-73
Let y(d) = -d**3 - 6*d**2 - 5*d - 12. Determine y(-5).
-12
Let y(w) = 2*w**2 + 19*w + 28. Calculate y(-8).
4
Let f(s) = s - 27. Give f(19).
-8
Let v(k) = -2*k**2 - 34*k - 5. Determine v(-16).
27
Let d(h) = -h**3 - 25*h**2 + 53*h - 26. What is d(-27)?
1
Let m(y) = -y**2 + 8*y - 6. Determine m(8).
-6
Let a(n) = -7*n + 1. Give a(3).
-20
Let c(k) = 17*k + 75. Give c(-4).
7
Let u(j) = 2*j**2 + 35*j - 23. Calculate u(-17).
-40
Let a(v) = v + 3. What is a(-2)?
1
Let r(l) = l**2 - 10*l + 9. Determine r(9).
0
Let b(d) = 2*d**3 - 2*d**2 + 3*d - 1. What is b(2)?
13
Let b(h) = -h**2 + 1. Determine b(5).
-24
Let v(d) = -d**3 + 2*d - 2. Calculate v(0).
-2
Let y(t) = -t**3 - 9*t**2 + 5*t + 18. Determine y(-9).
-27
Let w(d) = 19*d. Calculate w(-2).
-38
Let c(i) = i**2 - 17*i + 17. Give c(17).
17
Let n(m) = m**2 - 10*m + 25. Calculate n(5).
0
Let o(w) = -9*w - 26. Calculate o(-3).
1
Let v(a) = -a**2 + 2. What is v(0)?
2
Let q(j) = j**3 - 5*j**2 + 2*j - 5. Determine q(5).
5
Let x(g) = -8*g + 41. Calculate x(8).
-23
Let i(z) = 9*z**3 + z**2 - 2*z + 1. Calculate i(1).
9
Let j(k) = 7*k. What is j(2)?
14
Let z(h) = -6*h + 5. Give z(3).
-13
Let v(r) = r**3 + 4*r**2 + 2*r - 1. Calculate v(-2).
3
Let v(n) = -4*n**2 + 2*n + 1. Calculate v(4).
-55
Let w(a) = -30*a**2 - 15*a + 15. Calculate w(1).
-30
Let o(b) = -b**3 + 10*b**2 + 11*b - 11. Calculate o(11).
-11
Let t(q) = -q**2 + 10*q + 58. What is t(15)?
-17
Let k(z) = 8*z + 26. Calculate k(-3).
2
Let u(b) = -b**2 - 8*b - 3. Determine u(-6).
9
Let x(l) = -l**2 + 6*l - 8. Give x(6).
-8
Let v(z) = -24*z - 84. What is v(-7)?
84
Let n(r) = -4*r**3 - 6*r - 4. Give n(0).
-4
Let r(n) = -14*n + 31. What is r(-9)?
157
Let g(v) = 7*v**3 + v**2 + v. What is g(-1)?
-7
Let s(q) = q**2 + 65*q + 358. What is s(-6)?
4
Let z(f) = -f**3 - 10*f**2 - 21*f - 37. Calculate z(-6).
-55
Let g(i) = -i**3 + 23*i**2 + 47*i + 62. Calculate g(25).
-13
Let i(j) = -j**2 - 23*j + 4. Calculate i(0).
4
Let j(a) = 5*a + 5. Calculate j(3).
20
Let y(p) = 6*p + 133. Give y(-20).
13
Let z(s) = -22*s + 194. Give z(9).
-4
Let a(v) = 6*v - 25. Calculate a(5).
5
Let t(i) = 67*i**2 + 472*i + 3. Give t(-7).
-18
Let f(a) = -18*a + 162. Determine f(9).
0
Let r(f) = 11*f + 5. Calculate r(4).
49
Let w(g) = -9*g + 98. Give w(0).
98
Let j(h) = -11*h - 3. Determine j(3).
-36
Let k(c) = c + 2. Determine k(1).
3
Let u(m) = 2*m**2 + 4*m. Give u(-5).
30
Let m(j) = -j**3 + 6*j**2 - 5*j - 6. Give m(5).
-6
Let b(n) = -n**2 - 64. Calculate b(0).
-64
Let m(y) = -y**3 + 10*y**2 - 10*y + 3. What is m(9)?
-6
Let t(s) = -s**2 - 12*s + 2. Give t(-10).
22
Let n(p) = -80*p. Determine n(-1).
80
Let t(h) = 8*h + 50. Give t(-8).
-14
Let p(m) = -19*m + 265. What is p(15)?
-20
Let f(i) = -i**2 + 43*i - 242. Calculate f(36).
10
Let u(f) = 2*f - 33. Calculate u(-4).
-41
Let v(w) = -10*w + 75. Determine v(8).
-5
Let v(q) = -q**3 - 2*q**2 - 4*q + 2. Calculate v(3).
-55
Let o(f) = -67*f**3 - 2*f**2 + 1. Give o(1).
-68
Let p(y) = -2*y + 4. Calculate p(-1).
6
Let i(z) = -25*z + 81. Give i(3).
6
Let r(q) = -7*q - 1. What is r(1)?
-8
Let t(l) = l**3 + 15*l**2 - 23*l - 8. Determine t(-17).
-195
Let s(u) = 60*u + 28. What is s(0)?
28
Let h(b) = -b**3 - 7*b**2 - 2*b + 48. Give h(0).
48
Let f(i) = i**2 + 23*i - 12. What is f(-23)?
-12
Let h(c) = 2*c - 6. Determine h(-7).
-20
Let f(r) = -3*r**3 - 12*r**2 - 5*r + 10. Give f(-3).
-2
Let o(c) = c**2 + 19*c - 28. Calculate o(-19).
-28
Let c(j) = 10*j - 51. Determine c(6).
9
Let p(i) = i**3 - 9*i**2 + 3. What is p(9)?
3
Let y(n) = n**2 + 20*n - 44. Calculate y(-22).
0
Let d(k) = k**3 + 16*k**2 + k + 31. Give d(-16).
15
Let j(i) = i**2 + i + 2. Determine j(-3).
8
Let g(h) = -h**3 - 4*h**2 - h + 3. Determine g(-3).
-3
Let m(k) = 51*k. Determine m(-1).
-51
Let l(i) = -2*i**2 + 4*i + 14. Calculate l(8).
-82
Let r(z) = z**3 + 2*z**2. Give r(-1).
1
Let n(w) = 3*w - 2. Give n(1).
1
Let o(c) = c - 36. What is o(23)?
-13
Let j(a) = -9*a**2 - 42*a + 8. Calculate j(-5).
-7
Let z(k) = k**2 - 29*k + 200. What is z(18)?
2
Let f(u) = 2*u**3 + 6*u**2 + u + 18. Determine f(-4).
-18
Let o(j) = -6*j - 43. Calculate o(-6).
-7
Let j(k) = -37*k**3 + k**2. Give j(1).
-36
Let o(p) = 30*p - 266. What is o(8)?
-26
Let l(i) = -i**2 + 24*i - 1. Calculate l(17).
118
Let q(b) = -b**2 - 8*b + 16. What is q(-10)?
-4
Let h(i) = 13*i - 20. Give h(3).
19
Let k(s) = -s**3 - 2*s**2 - 4*s - 3. Calculate k(-4).
45
Let o(l) = -l**2 - 6*l + 4. Determine o(-3).
13
Let o(v) = 69*v**2 - 1. What is o(1)?
68
Let j(r) = r**3 + 8*r**2 + 15*r + 119. Determine j(-8).
-1
Let b(p) = -7*p - 5. Calculate b(-3).
16
Let w(c) = -c - 5. Calculate w(-6).
1
Let b(q) = 38*q**3 - 2*q**2 - 3*q - 2. Give b(-1).
-39
Let v(i) = -6*i**2 - 144*i - 123. Give v(-23).
15
Let m(q) = q**3 - 4*q**2 - q + 2. Determine m(6).
68
Let o(w) = -67*w - 3. Give o(-2).
131
Let a(v) = -3*v + 6. Give a(14).
-36